True
Is 1399419173 a composite number?
True
Is 10487197033 prime?
False
Is 45158753589 composite?
True
Is 344754277 a prime number?
False
Is 21303595 a composite number?
True
Is 2820042859 a composite number?
False
Is 21489819577 a prime number?
True
Is 1865855951 a prime number?
True
Is 79916429 a composite number?
True
Is 528404651 prime?
True
Is 894677167 a composite number?
False
Is 273837439 composite?
False
Is 13671308993 a prime number?
True
Is 1013105101 composite?
False
Is 4977321031 prime?
True
Is 14137856363 composite?
True
Is 2188288117 prime?
True
Is 1575368713 composite?
True
Is 17805715553 composite?
False
Is 3723792949 a prime number?
False
Is 8361704651 composite?
False
Is 352071701 composite?
False
Is 675810739 composite?
True
Is 2215021757 composite?
True
Is 26208243709 a composite number?
False
Is 64923715599 prime?
False
Is 241245309 a composite number?
True
Is 331582197659 prime?
True
Is 4018005469 a prime number?
True
Is 9166921613 prime?
False
Is 3298728119 a composite number?
False
Is 1788556631 composite?
False
Is 16232993719 a prime number?
False
Is 3445255963 a prime number?
True
Is 597904673 a composite number?
True
Is 2137482401 prime?
True
Is 915761953 a prime number?
False
Is 943041317 a composite number?
False
Is 1244646983 a composite number?
False
Is 8611009873 a composite number?
True
Is 485595443 prime?
True
Is 13468284359 composite?
True
Is 995932979 composite?
False
Is 248473193 prime?
True
Is 58363592143 a prime number?
False
Is 577984919 a composite number?
False
Is 39760003 composite?
True
Is 6704548441 a composite number?
True
Is 17732131 composite?
True
Is 27428233501 a prime number?
True
Is 5346212359 a prime number?
True
Is 1833578771 a prime number?
False
Is 25744896761 composite?
False
Is 14589907 composite?
False
Is 381779729 composite?
False
Is 1810215079 a prime number?
True
Is 160102320311 a composite number?
False
Is 12643807699 a prime number?
False
Is 95168005469 a composite number?
True
Is 4465187303 composite?
True
Is 6440253959 composite?
True
Is 80698482259 composite?
False
Is 95309842 composite?
True
Is 14041180337 prime?
True
Is 1220523373 a prime number?
False
Is 2864264969 prime?
False
Is 41188336879 a composite number?
False
Is 489260927 prime?
True
Is 10610268451 composite?
True
Is 723610081 a composite number?
False
Is 3096539527 a prime number?
False
Is 55254098363 a prime number?
True
Is 50754139901 a composite number?
False
Is 39597586729 a composite number?
False
Is 1957886387 composite?
False
Is 6969552997 a composite number?
True
Is 4311717763 a prime number?
False
Is 728680103 prime?
False
Is 7285027747 a prime number?
False
Is 56406652199 composite?
False
Is 133205993007 a prime number?
False
Is 15258420857 composite?
False
Is 234738001 composite?
True
Is 644065099 composite?
False
Is 34698613583 prime?
True
Is 3952108109 a composite number?
True
Is 69992036329 composite?
True
Is 5374686949 prime?
False
Is 2934587137 a prime number?
True
Is 1715805647 prime?
False
Is 2120921479 prime?
False
Is 402180211 composite?
False
Is 2024007361 composite?
False
Is 1232780879 composite?
True
Is 2434948099 composite?
False
Is 181821467 prime?
True
Is 796999855 prime?
False
Is 4190739227 prime?
True
Is 1640355599 a composite number?
False
Is 75024487 a composite number?
True
Is 1402888733 composite?
False
Is 5612176393 composite?
True
Is 13609661 composite?
True
Is 567206797 a composite number?
False
Is 89229349201 a composite number?
True
Is 18466062203 a prime number?
True
Is 20038938763 composite?
True
Is 135865489831 prime?
False
Is 379079777 composite?
False
Is 17521874563 prime?
True
Is 3819585727 composite?
True
Is 4682280803 a composite number?
True
Is 12067504039 composite?
False
Is 113396111681 composite?
True
Is 78429487067 a composite number?
False
Is 2168498227 a prime number?
False
Is 366316121 prime?
True
Is 59930283139 a composite number?
False
Is 20065789897 composite?
False
Is 24343778047 prime?
True
Is 411603077 prime?
False
Is 15094447549 prime?
True
Is 1797528093 a prime number?
False
Is 2275684051 a composite number?
True
Is 438065923 prime?
False
Is 1063504019 prime?
True
Is 8095821049 a prime number?
True
Is 22884493449 prime?
False
Is 79973115721 a composite number?
False
Is 23374910081 a prime number?
True
Is 7928068502 composite?
True
Is 280647161 a composite number?
False
Is 16199879509 composite?
True
Is 220200457 composite?
False
Is 35612673469 prime?
True
Is 56400347049 prime?
False
Is 1337400541 composite?
False
Is 5180428801 a composite number?
False
Is 5565692939 prime?
True
Is 345760523 composite?
True
Is 913438957 prime?
True
Is 24148945202 a composite number?
True
Is 1732825813 a prime number?
True
Is 6016775901 a prime number?
False
Is 96209513237 a composite number?
False
Is 50259347839 a composite number?
False
Is 305596217 a prime number?
True
Is 1753032599 a prime number?
False
Is 43645527041 a composite number?
False
Is 63411001 a prime number?
False
Is 27064166851 a prime number?
False
Is 837259561 a prime number?
True
Is 781016351 composite?
True
Is 16919593829 prime?
False
Is 852718289 prime?
True
Is 1125559969 prime?
True
Is 370316599 a prime number?
True
Is 6134542433 a composite number?
False
Is 13406422613 composite?
False
Is 808806811 a prime number?
False
Is 85825304867 composite?
True
Is 3886205923 prime?
False
Is 151273747 a prime number?
True
Is 2611967777 composite?
False
Is 981420071 a composite number?
False
Is 7419061589 a prime number?
True
Is 64240191863 composite?
True
Is 1555503679 a composite number?
False
Is 222438977 a prime number?
True
Is 184703591 a prime number?
True
Is 576480503 composite?
False
Is 16785019 prime?
False
Is 212796317 a composite number?
False
Is 1672091481 a composite number?
True
Is 4273556107 a composite number?
False
Is 5390055407 a composite number?
True
Is 7970143733 a composite number?
False
Is 88520933 prime?
True
Is 486916201 a composite number?
False
Is 765632821 composite?
True
Is 19347158981 prime?
False
Is 5258123803 a composite number?
False
Is 18834358799 a composite number?
True
Is 3121390709 prime?
True
Is 18240818201 prime?
True
Is 24351442681 composite?
False
Is 13421416643 prime?
False
Is 1150099939 a prime number?
False
Is 737567923 a composite number?
True
Is 4550298209 prime?
True
Is 21902392073 prime?
True
Is 3924798041 a prime number?
False
Is 7977875987 a composite number?
False
Is 709146907 prime?
False
Is 174409415573 a prime number?
True
Is 10311883 a prime number?
False
Is 9471704821 a prime number?
True
Is 4176446431 a prime number?
True
Is 32674856243 a composite number?
True
Is 8827872733 a composite number?
True
Is 25092611521 composite?
False
Is 10243296773 prime?
False
Is 59064007 a composite number?
True
Is 465449027 composite?
False
Is 7506672113 prime?
True
Is 33172879933 composite?
True
Is 10013373301 a composite number?
False
Is 2413554929 a prime number?
True
Is 1362063683 a prime number?
False
Is 4309424381 prime?
True
Is 643737763 composite?
False
Is 1542442001 a composite number?
True
Is 922913041 prime?
True
Is 368807103851 prime?
False
Is 68974481 a prime number?
False
Is 5898133795 composite?
True
Is 55450585331 a composite number?
False
Is 4040483929 prime?
False
Is 125489239 composite?
False
Is 2015007199 composite?
False
Is 515800181 a prime number?
False
Is 7744860451 a composite number?
False
Is 10664098219 composite?
False
Is 218720317823 a prime number?
False
Is 1314170447 a composite number?
False
Is 226904071 composite?
False
Is 13155731773 a composite number?
False
Is 2116476347 a prime number?
False
Is 2740592039 a composite number?
True
Is 3658959587 a composite number?
False
Is 802050952619 a composite number?
True
Is 326708401809 a composite number?
True
Is 4333487387 prime?
True
Is 3386149441 a composite number?
False
Is 23198820169 composite?
True
Is 3575690593 prime?
True
Is 2473107727 prime?
True
Is 277702343 composite?
True
Is 135157960261 prime?
True
Is 28039757 a composite number?
True
Is 1822470493 prime?
True
Is 1993432981 prime?
True
Is 10890881279 a prime number?
False
Is 508812413 a prime number?
True
Is 1015086493 a prime number?
True
Is 1972950047 a prime number?
True
Is 416334559 prime?
False
Is 27251823929 prime?
False